hat is 73e8 - 34e?
7099
In base 14, what is -6b2ca8 + 6?
-6b2ca2
In base 13, what is -16700 + 22a8?
-14425
In base 5, what is -2 - -1443344004?
1443344002
In base 7, what is -2105563550 + 0?
-2105563550
In base 3, what is 1011000200 + -20101010?
220122120
In base 9, what is -13548 + 2233?
-11315
In base 12, what is 20 - 2595183?
-2595163
In base 11, what is 2a3756 + 2a?
2a3785
In base 14, what is 21c52 + b9b?
22a0d
In base 13, what is -4 - 61035b8?
-61035bc
In base 10, what is -5060 - 518?
-5578
In base 4, what is 1121031321132 - -11?
1121031321203
In base 10, what is -2 - -13774802?
13774800
In base 9, what is -1 - -40084866?
40084865
In base 10, what is 2 - 21265204?
-21265202
In base 3, what is -10000200112012 - -221?
-10000200111021
In base 9, what is 76 - 846344?
-846257
In base 9, what is -4560773 - 1?
-4560774
In base 12, what is -6 + -5245b4?
-5245ba
In base 12, what is 10b21ab + -3?
10b21a8
In base 15, what is 25 - 9146a?
-91445
In base 6, what is -24410124 - 120?
-24410244
In base 14, what is -2ad2a9a - 3?
-2ad2a9d
In base 4, what is 1303110302201 - 23?
1303110302112
In base 10, what is 234 + -1261748?
-1261514
In base 12, what is 24 - 408226?
-408202
In base 12, what is a1758 - 21?
a1737
In base 4, what is 2011021323 + 3232?
2011031221
In base 5, what is -243301 + -200040?
-443341
In base 7, what is 2 + 53236244?
53236246
In base 10, what is -36249 + 1787?
-34462
In base 10, what is 5439 - -2447?
7886
In base 13, what is -20 + 12641b5?
1264195
In base 15, what is 21 - 24a9ae?
-24a98d
In base 10, what is -10 + 59894091?
59894081
In base 9, what is 3113 + -174083?
-170870
In base 11, what is 14a29 + -26?
14a03
In base 14, what is -1 + -243037?
-243038
In base 11, what is -4256 + -1216a?
-16415
In base 3, what is -210111200 + 11210?
-210022220
In base 16, what is -114fa - 402d?
-15527
In base 7, what is 4 + 1665531215?
1665531222
In base 12, what is 14a61a750 - 0?
14a61a750
In base 14, what is 31a6 - 29313?
-2614b
In base 9, what is 2880 + -2080?
800
In base 14, what is 5710 - -607?
5d17
In base 2, what is 10 + 111010010110111010000100?
111010010110111010000110
In base 14, what is 45bcc9b + -2?
45bcc99
In base 4, what is 10323 + 222230101?
222301030
In base 5, what is 2240004002 - -10?
2240004012
In base 13, what is -2149453 + 8?
-2149448
In base 14, what is cb2bd4 - -43?
cb2c37
In base 14, what is 2 - -733007?
733009
In base 9, what is -277846604 + 3?
-277846601
In base 15, what is 4 + -9b78b?
-9b787
In base 5, what is -42430022 + -101?
-42430123
In base 10, what is 1 - 14920488?
-14920487
In base 15, what is 10 - 67e15?
-67e05
In base 9, what is 60483 - 1430?
58053
In base 6, what is 511 + -152253?
-151342
In base 6, what is -25 + 211210550?
211210521
In base 15, what is 1 - -12219d85?
12219d86
In base 12, what is -79 - 8767?
-8824
In base 11, what is 27a8 - -a861?
12559
In base 10, what is 4 + -6197460?
-6197456
In base 11, what is 19 + -1006a01?
-1006993
In base 5, what is 103023001 + 34?
103023040
In base 7, what is -2066355125 - 4?
-2066355132
In base 16, what is -db3cd2 - -77?
-db3c5b
In base 2, what is 10 + 1001000101101011011011101?
1001000101101011011011111
In base 13, what is -3201203 - a?
-3201210
In base 10, what is 538186 - 6?
538180
In base 6, what is 151133022 - 122?
151132500
In base 8, what is 37371072 - 5?
37371065
In base 4, what is 10 - -301103?
301113
In base 4, what is -110022120 + 102120?
-103320000
In base 6, what is 1 + 12003243?
12003244
In base 2, what is 10010010 + 1111110010011110?
1111110100110000
In base 16, what is 81451b + -2b?
8144f0
In base 2, what is -10011101011010101 + 10111?
-10011101010111110
In base 12, what is 84aa + 486?
8974
In base 15, what is 2d3 + e370?
e653
In base 11, what is 15262 + 15718?
2a97a
In base 7, what is -2365 + -4215?
-6613
In base 14, what is -59241a + b?
-59240d
In base 8, what is -373 - 32521?
-33114
In base 7, what is 2 - 206310206?
-206310204
In base 11, what is -41 + 1112?
1081
In base 5, what is -1122211 - -213?
-1121443
In base 14, what is -114c + -217?
-1365
In base 16, what is -19fea99 - -a?
-19fea8f
In base 5, what is -4 + 314400233?
314400224
In base 14, what is 3402 + 449?
384b
In base 13, what is -107936951 - -3?
-10793694b
In base 2, what is -10111111101110101011001 + -10111?
-10111111101110101110000
In base 13, what is -4b0 + -345b?
-393b
In base 14, what is 4 + 18131bc9?
18131bcd
In base 5, what is 140023 - 1243303?
-1103230
In base 6, what is -544 + 3031535?
3030551
In base 16, what is -13dc8 - 2b6?
-1407e
In base 3, what is 11122212002112222222 - 0?
11122212002112222222
In base 7, what is 56412 - 6643?
46436
In base 3, what is -111021200101000 + 22?
-111021200100201
In base 4, what is -3233320131 - -223?
-3233313302
In base 4, what is -32 + 2303021301013?
2303021300321
In base 15, what is -33 - -16dbc2?
16db8e
In base 2, what is -10010011011000101011010101000 + 10?
-10010011011000101011010100110
In base 10, what is 9823 - -2250?
12073
In base 10, what is -772193 + 0?
-772193
In base 3, what is 11000 - -11012012200002?
11012012211002
In base 10, what is -329 - -65937?
65608
In base 15, what is -389 + 1577?
11dd
In base 6, what is 13 + -1121424121?
-1121424104
In base 7, what is -3 - -442022100?
442022064
In base 2, what is -11 - -10111111100110001001011?
10111111100110001001000
In base 7, what is 4142600 - 32?
4142535
In base 4, what is 32121022112 + 312?
32121023030
In base 5, what is 2024 + 13201014?
13203043
In base 7, what is 21305336 + -56?
21305250
In base 4, what is -112100313 + -2112?
-112103031
In base 12, what is 754 - -62164?
628b8
In base 6, what is 5133553510 - 3?
5133553503
In base 11, what is -20949 + 242?
-20707
In base 5, what is -103434300 + -112?
-103434412
In base 16, what is 61881 - 16?
6186b
In base 16, what is -f75f2d + 5?
-f75f28
In base 13, what is -44 - -3c041?
3bcca
In base 6, what is 1420 - 110431?
-105011
In base 7, what is -1455611 + 11?
-1455600
In base 13, what is -34 + 4a557c?
4a5548
In base 3, what is -1101012 + 1100112?
-200
In base 7, what is -5215 + -35363?
-43611
In base 10, what is -114537 - -4070?
-110467
In base 5, what is -103423200 + -3000?
-103431200
In base 5, what is 31324204 - -14?
31324223
In base 12, what is 9840 - -321a?
10a5a
In base 13, what is 75224 + -7?
7521a
In base 8, what is 15776 - 1512?
14264
In base 14, what is -1ba - 313b4?
-31590
In base 3, what is 1210 - -1001021010220?
1001021012200
In base 7, what is -55200630 + -56?
-55201016
In base 14, what is -885 + -3a420?
-3aca5
In base 9, what is -574 + -63001?
-63575
In base 5, what is 113 + -1120443?
-1120330
In base 16, what is 0 + -72186c?
-72186c
In base 15, what is 66ca9ce - 2?
66ca9cc
In base 5, what is -20000213113 + -4?
-20000213122
In base 3, what is -111012100 + -101101?
-111120201
In base 6, what is 3 + -204535013?
-204535010
In base 11, what is -34 - 1938810?
-1938844
In base 9, what is 1210661 + -13?
1210647
In base 7, what is -433550 + -1235?
-435115
In base 12, what is 10 - 86a7a6?
-86a796
In base 11, what is -334 + 207650?
207317
In base 10, what is 1 + -1565954?
-1565953
In base 7, what is 221324 - -1454?
223111
In base 10, what is 836502 - -4?
836506
In base 12, what is -6 - 3ab74175?
-3ab7417b
In base 14, what is -877 - -13c8?
951
In base 4, what is 13001311 + 22021?
13023332
In base 3, what is 10 + -1200111110101?
-1200111110021
In base 14, what is -74 - 1514d?
-151c3
In base 16, what is bf - 222d?
-216e
In base 12, what is -71a1b262 - 0?
-71a1b262
In base 14, what is 1596c492 + 4?
1596c496
In base 15, what is 191 - -e3428?
e35b9
In base 5, what is 334400032 + 33?
334400120
In base 15, what is 2530 + 1195?
36c5
In base 14, what is 1 + -885408?
-885407
In base 6, what is -230 - -2015021?
2014351
In base 5, what is 21412 + -43031?
-21114
In base 16, what is -8f535c + 6?
-8f5356
In base 7, what is -1203321146 + 5?
-1203321141
In base 12, what is -849 + -2263?
-2ab0
In base 3, what is -122 - -2010212002220111?
2010212002212212
In base 10, what is 202381 - -163?
202544
In base 8, what is -63124330 + -5?
-63124335
In base 11, what is 15aa353 - -2a?
15aa382
In base 4, what is -10 - 12021020032?
-12021020102
In base 7, what is 1236656 - -1?
1236660
In base 13, what is 1538a2b5 - 0?
1538a2b5
In base 6, what is -2201041035 + 31?
-220104